{"id":144,"date":"2023-03-13T10:09:21","date_gmt":"2023-03-13T10:09:21","guid":{"rendered":"https:\/\/cortes-property.com\/?page_id=144"},"modified":"2023-03-13T11:20:31","modified_gmt":"2023-03-13T11:20:31","slug":"industrijski-parkovi","status":"publish","type":"page","link":"https:\/\/cortes-property.com\/?page_id=144","title":{"rendered":"Industrijski Parkovi"},"content":{"rendered":"\t\t<div data-elementor-type=\"wp-page\" data-elementor-id=\"144\" class=\"elementor elementor-144\" data-elementor-post-type=\"page\">\n\t\t\t\t\t\t<section class=\"elementor-section elementor-top-section elementor-element elementor-element-5b0557dc elementor-section-boxed elementor-section-height-default elementor-section-height-default\" data-id=\"5b0557dc\" data-element_type=\"section\" data-e-type=\"section\" data-settings=\"{&quot;background_background&quot;:&quot;classic&quot;}\">\n\t\t\t\t\t\t<div class=\"elementor-container elementor-column-gap-no\">\n\t\t\t\t\t<div class=\"elementor-column elementor-col-100 elementor-top-column elementor-element elementor-element-6ab9da9c\" data-id=\"6ab9da9c\" data-element_type=\"column\" data-e-type=\"column\">\n\t\t\t<div class=\"elementor-widget-wrap elementor-element-populated\">\n\t\t\t\t\t\t<div class=\"elementor-element elementor-element-5a7cf890 elementor-widget elementor-widget-heading\" data-id=\"5a7cf890\" data-element_type=\"widget\" data-e-type=\"widget\" data-widget_type=\"heading.default\">\n\t\t\t\t<div class=\"elementor-widget-container\">\n\t\t\t\t\t<h2 class=\"elementor-heading-title elementor-size-default\">Industrijski parkovi<\/h2>\t\t\t\t<\/div>\n\t\t\t\t<\/div>\n\t\t\t\t\t<\/div>\n\t\t<\/div>\n\t\t\t\t\t<\/div>\n\t\t<\/section>\n\t\t\t\t<section class=\"elementor-section elementor-top-section elementor-element elementor-element-2db6619a elementor-section-stretched elementor-section-full_width elementor-section-height-default elementor-section-height-default\" data-id=\"2db6619a\" data-element_type=\"section\" data-e-type=\"section\" data-settings=\"{&quot;stretch_section&quot;:&quot;section-stretched&quot;,&quot;background_background&quot;:&quot;classic&quot;}\">\n\t\t\t\t\t\t<div class=\"elementor-container elementor-column-gap-no\">\n\t\t\t\t\t<div class=\"elementor-column elementor-col-100 elementor-top-column elementor-element elementor-element-53b63540\" data-id=\"53b63540\" data-element_type=\"column\" data-e-type=\"column\">\n\t\t\t<div class=\"elementor-widget-wrap elementor-element-populated\">\n\t\t\t\t\t\t<div class=\"elementor-element elementor-element-508922cf elementor-widget__width-auto elementor-absolute elementor-widget elementor-widget-image\" data-id=\"508922cf\" data-element_type=\"widget\" data-e-type=\"widget\" data-settings=\"{&quot;_position&quot;:&quot;absolute&quot;}\" data-widget_type=\"image.default\">\n\t\t\t\t<div class=\"elementor-widget-container\">\n\t\t\t\t\t\t\t\t\t\t\t\t\t\t\t<img decoding=\"async\" src=\"https:\/\/static.live.templately.com\/2020\/09\/5a2debc5-shape_left.png\" title=\"\" alt=\"\" loading=\"lazy\" \/>\t\t\t\t\t\t\t\t\t\t\t\t\t\t\t<\/div>\n\t\t\t\t<\/div>\n\t\t\t\t<section class=\"elementor-section elementor-inner-section elementor-element elementor-element-5a0f341d elementor-section-boxed elementor-section-height-default elementor-section-height-default\" data-id=\"5a0f341d\" data-element_type=\"section\" data-e-type=\"section\">\n\t\t\t\t\t\t<div class=\"elementor-container elementor-column-gap-no\">\n\t\t\t\t\t<div class=\"elementor-column elementor-col-50 elementor-inner-column elementor-element elementor-element-2cd19ab elementor-invisible\" data-id=\"2cd19ab\" data-element_type=\"column\" data-e-type=\"column\" data-settings=\"{&quot;animation&quot;:&quot;fadeInLeft&quot;}\">\n\t\t\t<div class=\"elementor-widget-wrap\">\n\t\t\t\t\t\t\t<\/div>\n\t\t<\/div>\n\t\t\t\t<div class=\"elementor-column elementor-col-50 elementor-inner-column elementor-element elementor-element-74933cda elementor-invisible\" data-id=\"74933cda\" data-element_type=\"column\" data-e-type=\"column\" data-settings=\"{&quot;animation&quot;:&quot;fadeInRight&quot;}\">\n\t\t\t<div class=\"elementor-widget-wrap elementor-element-populated\">\n\t\t\t\t\t\t<div class=\"elementor-element elementor-element-c9861df elementor-widget elementor-widget-image\" data-id=\"c9861df\" data-element_type=\"widget\" data-e-type=\"widget\" data-settings=\"{&quot;motion_fx_motion_fx_scrolling&quot;:&quot;yes&quot;,&quot;motion_fx_scale_effect&quot;:&quot;yes&quot;,&quot;motion_fx_scale_direction&quot;:&quot;in-out&quot;,&quot;motion_fx_scale_speed&quot;:{&quot;unit&quot;:&quot;px&quot;,&quot;size&quot;:1,&quot;sizes&quot;:[]},&quot;motion_fx_scale_range&quot;:{&quot;unit&quot;:&quot;%&quot;,&quot;size&quot;:&quot;&quot;,&quot;sizes&quot;:{&quot;start&quot;:20,&quot;end&quot;:80}},&quot;motion_fx_devices&quot;:[&quot;desktop&quot;,&quot;tablet&quot;,&quot;mobile&quot;]}\" data-widget_type=\"image.default\">\n\t\t\t\t<div class=\"elementor-widget-container\">\n\t\t\t\t\t\t\t\t\t\t\t\t\t\t\t<img fetchpriority=\"high\" decoding=\"async\" width=\"1920\" height=\"1281\" src=\"https:\/\/cortes-property.com\/wp-content\/uploads\/2023\/03\/INDUSTRIAL-PARKS-1.png\" class=\"attachment-full size-full wp-image-167\" alt=\"\" srcset=\"https:\/\/cortes-property.com\/wp-content\/uploads\/2023\/03\/INDUSTRIAL-PARKS-1.png 1920w, https:\/\/cortes-property.com\/wp-content\/uploads\/2023\/03\/INDUSTRIAL-PARKS-1-300x200.png 300w, https:\/\/cortes-property.com\/wp-content\/uploads\/2023\/03\/INDUSTRIAL-PARKS-1-1024x683.png 1024w, https:\/\/cortes-property.com\/wp-content\/uploads\/2023\/03\/INDUSTRIAL-PARKS-1-768x512.png 768w, https:\/\/cortes-property.com\/wp-content\/uploads\/2023\/03\/INDUSTRIAL-PARKS-1-1536x1025.png 1536w\" sizes=\"(max-width: 1920px) 100vw, 1920px\" \/>\t\t\t\t\t\t\t\t\t\t\t\t\t\t\t<\/div>\n\t\t\t\t<\/div>\n\t\t\t\t<div class=\"elementor-element elementor-element-65d87f5d elementor-widget elementor-widget-text-editor\" data-id=\"65d87f5d\" data-element_type=\"widget\" data-e-type=\"widget\" data-widget_type=\"text-editor.default\">\n\t\t\t\t<div class=\"elementor-widget-container\">\n\t\t\t\t\t\t\t\t\t<p>Kompanija <strong>CORTES PROPERTY<\/strong> ne gradi samo zgrade \u2013 mi gradimo odr\u017eive poslovne ekosisteme budu\u0107nosti. Na\u0161i industrijski i logisti\u010dki parkovi su visokotehnolo\u0161ki, pru\u017eaju punu uslugu i spremni su za useljenje.<\/p><p><strong>CORTES PROPERTY<\/strong> koristi ekolo\u0161ki prihvatljiva, odr\u017eiva i visokokvalitetna in\u017eenjerska re\u0161enja za izgradnju futuristi\u010dkih industrijskih parkova, koji obezbe\u0111uju dugoro\u010dnu vrednost za na\u0161e partnere. Stvaranje okru\u017eenja pogodnog za \u017eivot, usredsre\u0111enog na \u010doveka i prilago\u0111enog korisniku, je prioritet tokom na\u0161eg delovanja.<\/p><p><strong>CORTES PROPERTY<\/strong> ima bogato iskustvo u svim oblastima sektora razvoja industrijskih nekretnina. Na\u0161 cilj je da obezbedimo inovativna i efikasna re\u0161enja koja \u0107e zadovoljiti o\u010dekivanja tr\u017ei\u0161ta i potrebe na\u0161ih klijenata.<\/p><p>Sa na\u0161im in\u017eenjerima, konsultantima, developerima i agentima za nekretnine, radimo kako bismo na\u0161im partnerima pru\u017eili profitabilne i odr\u017eive usluge. Posedujemo dugogodi\u0161nje profesionalno iskustvo u razvoju industrijskih objekata &#8211; logisti\u010dkih skladi\u0161ta, proizvodnih hala, hladnja\u010da, prostorija za skladi\u0161tenje opasnih ili farmaceutskih materijala, kao i u projektovanju i implementaciji tehnologija skladi\u0161tenja.<\/p>\t\t\t\t\t\t\t\t<\/div>\n\t\t\t\t<\/div>\n\t\t\t\t<div class=\"elementor-element elementor-element-56a4fd4a gallery-spacing-custom elementor-widget elementor-widget-image-gallery\" data-id=\"56a4fd4a\" data-element_type=\"widget\" data-e-type=\"widget\" data-settings=\"{&quot;motion_fx_motion_fx_scrolling&quot;:&quot;yes&quot;,&quot;motion_fx_scale_effect&quot;:&quot;yes&quot;,&quot;motion_fx_scale_speed&quot;:{&quot;unit&quot;:&quot;px&quot;,&quot;size&quot;:1,&quot;sizes&quot;:[]},&quot;motion_fx_scale_range&quot;:{&quot;unit&quot;:&quot;%&quot;,&quot;size&quot;:&quot;&quot;,&quot;sizes&quot;:{&quot;start&quot;:20,&quot;end&quot;:100}},&quot;motion_fx_scale_direction&quot;:&quot;out-in&quot;,&quot;motion_fx_devices&quot;:[&quot;desktop&quot;,&quot;tablet&quot;,&quot;mobile&quot;]}\" data-widget_type=\"image-gallery.default\">\n\t\t\t\t<div class=\"elementor-widget-container\">\n\t\t\t\t\t\t\t<div class=\"elementor-image-gallery\">\n\t\t\t\t\t<\/div>\n\t\t\t\t\t\t<\/div>\n\t\t\t\t<\/div>\n\t\t\t\t\t<\/div>\n\t\t<\/div>\n\t\t\t\t\t<\/div>\n\t\t<\/section>\n\t\t\t\t\t<\/div>\n\t\t<\/div>\n\t\t\t\t\t<\/div>\n\t\t<\/section>\n\t\t\t\t<\/div>\n\t\t","protected":false},"excerpt":{"rendered":"<p>Industrijski parkovi O Nama Na\u0161a Misija Menad\u017ement Odr\u017eivost Industrijski Parkovi Investicija Kompanija CORTES PROPERTY ne gradi samo zgrade \u2013 mi gradimo odr\u017eive poslovne ekosisteme budu\u0107nosti. Na\u0161i industrijski i logisti\u010dki parkovi su visokotehnolo\u0161ki, pru\u017eaju punu uslugu i spremni su za useljenje. CORTES PROPERTY koristi ekolo\u0161ki prihvatljiva, odr\u017eiva i visokokvalitetna in\u017eenjerska re\u0161enja za izgradnju futuristi\u010dkih industrijskih parkova, [&hellip;]<\/p>\n","protected":false},"author":1,"featured_media":0,"parent":0,"menu_order":0,"comment_status":"closed","ping_status":"closed","template":"elementor_header_footer","meta":{"footnotes":""},"class_list":["post-144","page","type-page","status-publish","hentry"],"_links":{"self":[{"href":"https:\/\/cortes-property.com\/index.php?rest_route=\/wp\/v2\/pages\/144","targetHints":{"allow":["GET"]}}],"collection":[{"href":"https:\/\/cortes-property.com\/index.php?rest_route=\/wp\/v2\/pages"}],"about":[{"href":"https:\/\/cortes-property.com\/index.php?rest_route=\/wp\/v2\/types\/page"}],"author":[{"embeddable":true,"href":"https:\/\/cortes-property.com\/index.php?rest_route=\/wp\/v2\/users\/1"}],"replies":[{"embeddable":true,"href":"https:\/\/cortes-property.com\/index.php?rest_route=%2Fwp%2Fv2%2Fcomments&post=144"}],"version-history":[{"count":10,"href":"https:\/\/cortes-property.com\/index.php?rest_route=\/wp\/v2\/pages\/144\/revisions"}],"predecessor-version":[{"id":211,"href":"https:\/\/cortes-property.com\/index.php?rest_route=\/wp\/v2\/pages\/144\/revisions\/211"}],"wp:attachment":[{"href":"https:\/\/cortes-property.com\/index.php?rest_route=%2Fwp%2Fv2%2Fmedia&parent=144"}],"curies":[{"name":"wp","href":"https:\/\/api.w.org\/{rel}","templated":true}]}}